{"id":75,"date":"2014-12-17T13:44:41","date_gmt":"2014-12-17T13:44:41","guid":{"rendered":"http:\/\/unicom.designadventures.at\/wordpress\/?page_id=75"},"modified":"2015-09-07T18:08:18","modified_gmt":"2015-09-07T16:08:18","slug":"geschichte","status":"publish","type":"page","link":"https:\/\/www.unicomdirect.at\/site\/das-unternehmen\/geschichte\/","title":{"rendered":"Geschichte"},"content":{"rendered":"<h2 style=\"text-align: justify;\">Jedes Unternehmen hat eine Geschichte&#8230;<\/h2>\n<p>&nbsp;<\/p>\n<p style=\"text-align: justify;\">&#8230; Und unsere\u00a0Geschichte beginnt mit zwei <a title=\"Macintosh LC II\" href=\"https:\/\/en.wikipedia.org\/wiki\/Macintosh_LC\" target=\"_blank\">Macintosh lcii<\/a> mit A4-Schirmen, einem aufger\u00fcsteten SE 30, einem 6 Kilo schweren portablen Autotelefon und nat\u00fcrlich einem Fax. Layouts und Storyboards werden noch gescribbelt, der Streit um die Kopicstifte steht auf der Tagesordnung, Pr\u00e4sentationen sind die reinste Pappenschlacht und zum Schlafen kommt niemand so wirklich.\u00a0Unsere erste gro\u00dfe <a title=\"Hewlett Packard\" href=\"http:\/\/www.hp.com\" target=\"_blank\">HP<\/a> Kampagne l\u00e4uft unter &#8222;Hello Tintenstrahldrucker, Good Bye Nadeldrucker&#8220;.<\/p>\n<p style=\"text-align: justify;\">Die Handys werden kleiner und die Kommunikation erfolgt immer mehr \u00fcber Emails. 1995 starten wir unsere erste Sales Promotion f\u00fcr Laserdrucker im Media-Markt. Das Reporting erfolgt\u00a0noch \u00fcber Fax und nachtr\u00e4glichem Eintippen in unseren hei\u00dfgeliebten FileMaker.<\/p>\n<p style=\"text-align: justify;\">Im Jahre 1997 wird uns das aber bei \u00fcber 220 \u00f6sterreichweiten Promotoren zuviel und irgendwie gibt\u2019s ja so was wie ein www. Also entwickeln wir f\u00fcr unsere lieben Marktmitarbeiter eine Online Reporting- und Trainingsplattform, werblich \u201eClub\u201c genannt. Wir sind damit bei <a title=\"Hewlett Packard\" href=\"http:\/\/www.hp.com\" target=\"_blank\">HP<\/a> die ersten weltweit. So etwas spricht sich herum. So ist es nicht verwunderlich, dass wir auf den nun schon echt kleinen Handys einen Anruf von Nespresso erhalten, ob wir nicht auch ein Online-System auch f\u00fcr ihre Verkaufsmannschaft aufbauen k\u00f6nnten. K\u00f6nnen wir und das bis heute!<\/p>\n<p style=\"text-align: justify;\">So nebenbei unterst\u00fctzen wir die Casinos Austria in der Investorenwerbung und die Immofinanz bei den Vorsorgewohnungen im klassischen Direktmarketingbereich.<\/p>\n<p style=\"text-align: justify;\">Am Beginn des neuen Jahrtausends geht unsere Geschichte und Entwicklung weiter &#8211; wir sind schon die vollelektronisch durchgestylte Netzagentur. Gescribbelt wird nichts mehr. Wir machen keinen Quark f\u00fcr Kunden, sondern kreative Layouts mit farbseparierten druckf\u00e4higen PDFs. Ideen werden an die Wand gebeamt und online wird Dank der kleinen GSM-Dinger, die beim Laptop auf der Seite hinausstehen, immer mehr mobil. Auch unsere L\u00f6sungen werden mobil und schaffen es, mehr als 5 Mio. Kundendaten zu verarbeiten oder den Lagerstand von 8.000 Lagerst\u00e4tten anzuzeigen.<\/p>\n<p style=\"text-align: justify;\">Ja, und irgendwie haben in diesen Zeiten die Handys auch ihre Tasten verloren, hei\u00dfen Smartphones und teilen das Internet in so sch\u00f6ne bunte viereckige Kasterln auf. Dazu sagt man nun Apps und diese eignen sich hervorragend f\u00fcr unsere Au\u00dfendienstl\u00f6sungen. Die Kamera wird zum Scanner, das GPS zur Ortsbestimmung, die kleine Produktdatenbank \u00fcber Cloud eingespielt und fertig ist ein brauchbares Au\u00dfendienst-Reportingsystem, das in jede Hosentasche passt.<\/p>\n<p style=\"text-align: justify;\">Und Heute \u2013 Promotions, Extended Sales Force geh\u00f6ren noch immer zu unserem Repertoire, jetzt nat\u00fcrlich mit mobilen Echtzeitreporting via Tablet. Online Systeme und Kunden-Apps werden heute (wieder ein neues Teil von unserer Geschichte) mit dem gro\u00dfen Schlagwort &#8222;Integration&#8220; entwickelt. Also schalten wir alles \u00fcber API zusammen, vom ERP, eCRM \u00fcber Outlook, Lync (jetzt <a title=\"Skype4Business\" href=\"https:\/\/products.office.com\/en-us\/skype-for-business\/online-meetings\" target=\"_blank\">Skype4Business<\/a> genannt) \u00a0und was es sonst noch alles gibt, um den \u201egl\u00e4sernen Mitarbeiter\u201c zu erreichen. Ja und ganz neu ist unsere <a title=\"GPN Telecom\" href=\"http:\/\/www.gpn-telecom.net\/\" target=\"_blank\">GPN<\/a>-Partner Plattform, die erstmals die Nutzung von Email, Lync und Festnetz von einem System aus zul\u00e4sst. Unified Communication in Reinkultur &#8211; sozusagen.<\/p>\n<p style=\"text-align: justify;\">Bleiben Sie dran, es kommt noch mehr &#8230; aber erst muss die Zeit vergehen, damit das &#8222;Heute&#8220; Geschichte wird!<\/p>\n<p style=\"text-align: justify;\"><em>Thomas Ceschka<\/em><\/p>\n","protected":false},"excerpt":{"rendered":"<p>Die Geschichte von Unicomdirect beginnt in einem kleinen Zimmer im 9. Bezirk. Seither hat sich vieles ge\u00e4ndert!<\/p>\n","protected":false},"author":1,"featured_media":459,"parent":31,"menu_order":2,"comment_status":"open","ping_status":"open","template":"page-full.php","meta":{"footnotes":""},"yoast_head":"<!-- This site is optimized with the Yoast SEO plugin v22.0 - https:\/\/yoast.com\/wordpress\/plugins\/seo\/ -->\n<title>Geschichte - unicomdirect - Discover New Horizons<\/title>\n<meta name=\"description\" content=\"Eine Geschichte, die seit 1992 leidenschaftlich erz\u00e4hlt wird. Eine professionelle Agentur mit flexiblen Strukturen und Partner auf der ganzen Welt.\" \/>\n<meta name=\"robots\" content=\"index, follow, max-snippet:-1, max-image-preview:large, max-video-preview:-1\" \/>\n<link rel=\"canonical\" href=\"https:\/\/www.unicomdirect.at\/site\/das-unternehmen\/geschichte\/\" \/>\n<meta property=\"og:locale\" content=\"de_DE\" \/>\n<meta property=\"og:type\" content=\"article\" \/>\n<meta property=\"og:title\" content=\"Geschichte - unicomdirect - Discover New Horizons\" \/>\n<meta property=\"og:description\" content=\"Eine Geschichte, die seit 1992 leidenschaftlich erz\u00e4hlt wird. Eine professionelle Agentur mit flexiblen Strukturen und Partner auf der ganzen Welt.\" \/>\n<meta property=\"og:url\" content=\"https:\/\/www.unicomdirect.at\/site\/das-unternehmen\/geschichte\/\" \/>\n<meta property=\"og:site_name\" content=\"unicomdirect\" \/>\n<meta property=\"article:publisher\" content=\"https:\/\/www.facebook.com\/Unicomdirect\" \/>\n<meta property=\"article:modified_time\" content=\"2015-09-07T16:08:18+00:00\" \/>\n<meta property=\"og:image\" content=\"https:\/\/www.unicomdirect.at\/site\/wp-content\/uploads\/2015\/03\/geschichte1.jpg\" \/>\n\t<meta property=\"og:image:width\" content=\"4608\" \/>\n\t<meta property=\"og:image:height\" content=\"1952\" \/>\n\t<meta property=\"og:image:type\" content=\"image\/jpeg\" \/>\n<meta name=\"twitter:card\" content=\"summary_large_image\" \/>\n<meta name=\"twitter:site\" content=\"@unicomdirect\" \/>\n<meta name=\"twitter:label1\" content=\"Gesch\u00e4tzte Lesezeit\" \/>\n\t<meta name=\"twitter:data1\" content=\"2\u00a0Minuten\" \/>\n<script type=\"application\/ld+json\" class=\"yoast-schema-graph\">{\"@context\":\"https:\/\/schema.org\",\"@graph\":[{\"@type\":\"WebPage\",\"@id\":\"https:\/\/www.unicomdirect.at\/site\/das-unternehmen\/geschichte\/\",\"url\":\"https:\/\/www.unicomdirect.at\/site\/das-unternehmen\/geschichte\/\",\"name\":\"Geschichte - unicomdirect - Discover New Horizons\",\"isPartOf\":{\"@id\":\"http:\/\/www.unicomdirect.at\/site\/#website\"},\"datePublished\":\"2014-12-17T13:44:41+00:00\",\"dateModified\":\"2015-09-07T16:08:18+00:00\",\"description\":\"Eine Geschichte, die seit 1992 leidenschaftlich erz\u00e4hlt wird. Eine professionelle Agentur mit flexiblen Strukturen und Partner auf der ganzen Welt.\",\"breadcrumb\":{\"@id\":\"https:\/\/www.unicomdirect.at\/site\/das-unternehmen\/geschichte\/#breadcrumb\"},\"inLanguage\":\"de\",\"potentialAction\":[{\"@type\":\"ReadAction\",\"target\":[\"https:\/\/www.unicomdirect.at\/site\/das-unternehmen\/geschichte\/\"]}]},{\"@type\":\"BreadcrumbList\",\"@id\":\"https:\/\/www.unicomdirect.at\/site\/das-unternehmen\/geschichte\/#breadcrumb\",\"itemListElement\":[{\"@type\":\"ListItem\",\"position\":1,\"name\":\"Home\",\"item\":\"http:\/\/www.unicomdirect.at\/site\/\"},{\"@type\":\"ListItem\",\"position\":2,\"name\":\"Das Unternehmen\",\"item\":\"https:\/\/www.unicomdirect.at\/site\/das-unternehmen\/\"},{\"@type\":\"ListItem\",\"position\":3,\"name\":\"Geschichte\"}]},{\"@type\":\"WebSite\",\"@id\":\"http:\/\/www.unicomdirect.at\/site\/#website\",\"url\":\"http:\/\/www.unicomdirect.at\/site\/\",\"name\":\"unicomdirect\",\"description\":\"&quot;Discover new horizons&quot;\",\"potentialAction\":[{\"@type\":\"SearchAction\",\"target\":{\"@type\":\"EntryPoint\",\"urlTemplate\":\"http:\/\/www.unicomdirect.at\/site\/?s={search_term_string}\"},\"query-input\":\"required name=search_term_string\"}],\"inLanguage\":\"de\"}]}<\/script>\n<!-- \/ Yoast SEO plugin. -->","yoast_head_json":{"title":"Geschichte - unicomdirect - Discover New Horizons","description":"Eine Geschichte, die seit 1992 leidenschaftlich erz\u00e4hlt wird. Eine professionelle Agentur mit flexiblen Strukturen und Partner auf der ganzen Welt.","robots":{"index":"index","follow":"follow","max-snippet":"max-snippet:-1","max-image-preview":"max-image-preview:large","max-video-preview":"max-video-preview:-1"},"canonical":"https:\/\/www.unicomdirect.at\/site\/das-unternehmen\/geschichte\/","og_locale":"de_DE","og_type":"article","og_title":"Geschichte - unicomdirect - Discover New Horizons","og_description":"Eine Geschichte, die seit 1992 leidenschaftlich erz\u00e4hlt wird. Eine professionelle Agentur mit flexiblen Strukturen und Partner auf der ganzen Welt.","og_url":"https:\/\/www.unicomdirect.at\/site\/das-unternehmen\/geschichte\/","og_site_name":"unicomdirect","article_publisher":"https:\/\/www.facebook.com\/Unicomdirect","article_modified_time":"2015-09-07T16:08:18+00:00","og_image":[{"width":4608,"height":1952,"url":"https:\/\/www.unicomdirect.at\/site\/wp-content\/uploads\/2015\/03\/geschichte1.jpg","type":"image\/jpeg"}],"twitter_card":"summary_large_image","twitter_site":"@unicomdirect","twitter_misc":{"Gesch\u00e4tzte Lesezeit":"2\u00a0Minuten"},"schema":{"@context":"https:\/\/schema.org","@graph":[{"@type":"WebPage","@id":"https:\/\/www.unicomdirect.at\/site\/das-unternehmen\/geschichte\/","url":"https:\/\/www.unicomdirect.at\/site\/das-unternehmen\/geschichte\/","name":"Geschichte - unicomdirect - Discover New Horizons","isPartOf":{"@id":"http:\/\/www.unicomdirect.at\/site\/#website"},"datePublished":"2014-12-17T13:44:41+00:00","dateModified":"2015-09-07T16:08:18+00:00","description":"Eine Geschichte, die seit 1992 leidenschaftlich erz\u00e4hlt wird. Eine professionelle Agentur mit flexiblen Strukturen und Partner auf der ganzen Welt.","breadcrumb":{"@id":"https:\/\/www.unicomdirect.at\/site\/das-unternehmen\/geschichte\/#breadcrumb"},"inLanguage":"de","potentialAction":[{"@type":"ReadAction","target":["https:\/\/www.unicomdirect.at\/site\/das-unternehmen\/geschichte\/"]}]},{"@type":"BreadcrumbList","@id":"https:\/\/www.unicomdirect.at\/site\/das-unternehmen\/geschichte\/#breadcrumb","itemListElement":[{"@type":"ListItem","position":1,"name":"Home","item":"http:\/\/www.unicomdirect.at\/site\/"},{"@type":"ListItem","position":2,"name":"Das Unternehmen","item":"https:\/\/www.unicomdirect.at\/site\/das-unternehmen\/"},{"@type":"ListItem","position":3,"name":"Geschichte"}]},{"@type":"WebSite","@id":"http:\/\/www.unicomdirect.at\/site\/#website","url":"http:\/\/www.unicomdirect.at\/site\/","name":"unicomdirect","description":"&quot;Discover new horizons&quot;","potentialAction":[{"@type":"SearchAction","target":{"@type":"EntryPoint","urlTemplate":"http:\/\/www.unicomdirect.at\/site\/?s={search_term_string}"},"query-input":"required name=search_term_string"}],"inLanguage":"de"}]}},"_links":{"self":[{"href":"https:\/\/www.unicomdirect.at\/site\/wp-json\/wp\/v2\/pages\/75"}],"collection":[{"href":"https:\/\/www.unicomdirect.at\/site\/wp-json\/wp\/v2\/pages"}],"about":[{"href":"https:\/\/www.unicomdirect.at\/site\/wp-json\/wp\/v2\/types\/page"}],"author":[{"embeddable":true,"href":"https:\/\/www.unicomdirect.at\/site\/wp-json\/wp\/v2\/users\/1"}],"replies":[{"embeddable":true,"href":"https:\/\/www.unicomdirect.at\/site\/wp-json\/wp\/v2\/comments?post=75"}],"version-history":[{"count":1,"href":"https:\/\/www.unicomdirect.at\/site\/wp-json\/wp\/v2\/pages\/75\/revisions"}],"predecessor-version":[{"id":1115,"href":"https:\/\/www.unicomdirect.at\/site\/wp-json\/wp\/v2\/pages\/75\/revisions\/1115"}],"up":[{"embeddable":true,"href":"https:\/\/www.unicomdirect.at\/site\/wp-json\/wp\/v2\/pages\/31"}],"wp:featuredmedia":[{"embeddable":true,"href":"https:\/\/www.unicomdirect.at\/site\/wp-json\/wp\/v2\/media\/459"}],"wp:attachment":[{"href":"https:\/\/www.unicomdirect.at\/site\/wp-json\/wp\/v2\/media?parent=75"}],"curies":[{"name":"wp","href":"https:\/\/api.w.org\/{rel}","templated":true}]}}