{"id":31,"date":"2014-12-17T13:34:16","date_gmt":"2014-12-17T13:34:16","guid":{"rendered":"http:\/\/unicom.designadventures.at\/wordpress\/?page_id=31"},"modified":"2015-09-07T18:06:22","modified_gmt":"2015-09-07T16:06:22","slug":"das-unternehmen","status":"publish","type":"page","link":"https:\/\/www.unicomdirect.at\/site\/das-unternehmen\/","title":{"rendered":"Das Unternehmen"},"content":{"rendered":"<h2><span style=\"color: #000080;\">Was kann das Unternehmen &#8222;unicomdirect&#8220;?<\/span><\/h2>\n<p style=\"text-align: justify;\">Das Unternehmen, das Team, die Kollegen, die Partner also &#8222;Wir&#8220; sind unicomdirect &#8211; kurz und b\u00fcndig. Eine Direkt-Marketing Agentur mit jahrelanger Sales-Promotion-Erfahrung, die moderne Web- und App-Entwicklungen und Online-Trainings programmiert.<\/p>\n<p><strong>Wer wir sind:<\/strong><\/p>\n<ul>\n<li style=\"text-align: left;\">Wir sind eine Direktmarketing Agentur.<\/li>\n<li style=\"text-align: left;\">Wir sind ein IT &amp; Web-Entwicklungsunternehmen.<\/li>\n<li style=\"text-align: left;\">Wir sind seit 1992\u00a0erfolgreich im Dienste unserer Kunden.<\/li>\n<\/ul>\n<p style=\"text-align: left;\"><strong>Worauf wir Wert legen:<\/strong><\/p>\n<ul>\n<li style=\"text-align: left;\">Solide strategische Planung und Zielgruppendefinition.<\/li>\n<li style=\"text-align: left;\">So nahe am\u00a0Kunden, wie es zul\u00e4ssig ist.<\/li>\n<li style=\"text-align: left;\">Einfache Botschaften, keine intellektuelle Verspieltheit (Ausnahmen sind m\u00f6glich!)<\/li>\n<li style=\"text-align: left;\">Kreativit\u00e4t, die verkauft, ist Kern unserer Arbeit.<\/li>\n<\/ul>\n<p style=\"text-align: left;\"><strong>Wie wir arbeiten:<\/strong><\/p>\n<ul>\n<li style=\"text-align: left;\">Wir arbeiten schnell und zuverl\u00e4ssig.<\/li>\n<li style=\"text-align: left;\">Wir arbeiten gut, weil wir Freude an unserer Arbeit haben.<\/li>\n<li style=\"text-align: left;\">Wir arbeiten kosteng\u00fcnstig, aber nicht billig.<\/li>\n<li style=\"text-align: left;\">Wir arbeiten viel, weil heute ja immer vorgestern ist.<\/li>\n<\/ul>\n<p style=\"text-align: justify;\">Keine Kostenf\u00e4llen, keine Versp\u00e4tungen, keine Ausreden &#8211; sollten wir Ihr Projekt nicht umsetzen\u00a0k\u00f6nnen, teilen wir es Ihnen mit. Kein leeres Versprechen sondern Taten &#8211; wir sind auf langfristigen Kooperationen und Partnerschaften aufgebaut und glauben, dass in einer Gesch\u00e4ftsbeziehung Loyalit\u00e4t und Ehre einen Platz haben sollen. Einfach anrufen oder eine Email schreiben &#8211; Sie werden mit der zust\u00e4ndigen Person verbunden und Ihr Projekt kann innerhalb k\u00fcrzester Zeit starten &#8211; mit unicomdirect!<\/p>\n<p style=\"text-align: justify;\">Sie k\u00f6nnen einen Blick auf unsere <a title=\"Referenzprojekte\" href=\"http:\/\/www.unicomdirect.at\/site\/das-unternehmen\/referenzprojekte\/\">Referenzen<\/a> werfen und sich erkundigen, was wir bis jetzt gemacht haben und woran wir gerade arbeiten. Besuchen Sie das Unternehmen\u00a0auch auf <a title=\"Facebook - Unicomdirect\" href=\"https:\/\/www.facebook.com\/Unicomdirect\" target=\"_blank\">Facebook<\/a>, <a title=\"Twitter - unicomdirect\" href=\"https:\/\/twitter.com\/unicomdirect\" target=\"_blank\">Twitter<\/a> oder <a title=\"Google Plus - Unicomdirect\" href=\"https:\/\/plus.google.com\/+UnicomdirectAt\/\" target=\"_blank\">Google Plus<\/a> &#8211; ein &#8222;Like&#8220; wissen wir zu sch\u00e4tzen. Selbstverst\u00e4ndlich sind wir auch auf <a title=\"LinkedIn - Unicomdirect\" href=\"https:\/\/www.linkedin.com\/company\/9414420?trk=hp-feed-company-name\" target=\"_blank\">LinkedIn<\/a> und <a title=\"XING - Unicomdirect\" href=\"https:\/\/www.xing.com\/companies\/unicomdirect\" target=\"_blank\">XING<\/a> zu finden &#8211; Sie haben die Wahl!<\/p>\n<p style=\"text-align: justify;\">\n","protected":false},"excerpt":{"rendered":"<p>Was kann das Unternehmen &#8222;unicomdirect&#8220;? Das Unternehmen, das Team, die Kollegen, die Partner also &#8222;Wir&#8220; sind unicomdirect &#8211; kurz und b\u00fcndig. Eine Direkt-Marketing Agentur mit jahrelanger Sales-Promotion-Erfahrung, die moderne Web- und App-Entwicklungen und Online-Trainings programmiert. Wer wir sind: Wir sind eine Direktmarketing Agentur. Wir sind ein IT &amp; Web-Entwicklungsunternehmen. Wir sind seit 1992\u00a0erfolgreich im Dienste [&hellip;]<\/p>\n","protected":false},"author":1,"featured_media":0,"parent":0,"menu_order":0,"comment_status":"open","ping_status":"open","template":"page-full.php","meta":{"footnotes":""},"yoast_head":"<!-- This site is optimized with the Yoast SEO plugin v22.0 - https:\/\/yoast.com\/wordpress\/plugins\/seo\/ -->\n<title>Das Unternehmen - unicomdirect - Discover New Horizons<\/title>\n<meta name=\"description\" content=\"Das Unternehmen Unicomdirect mit Sitz in Wien konzentriert sich auf Direkt Marketing, Sales und Promotion, IT Services, Web- und System Entwicklung,\" \/>\n<meta name=\"robots\" content=\"index, follow, max-snippet:-1, max-image-preview:large, max-video-preview:-1\" \/>\n<link rel=\"canonical\" href=\"https:\/\/www.unicomdirect.at\/site\/das-unternehmen\/\" \/>\n<meta property=\"og:locale\" content=\"de_DE\" \/>\n<meta property=\"og:type\" content=\"article\" \/>\n<meta property=\"og:title\" content=\"Das Unternehmen - unicomdirect - Discover New Horizons\" \/>\n<meta property=\"og:description\" content=\"Das Unternehmen Unicomdirect mit Sitz in Wien konzentriert sich auf Direkt Marketing, Sales und Promotion, IT Services, Web- und System Entwicklung,\" \/>\n<meta property=\"og:url\" content=\"https:\/\/www.unicomdirect.at\/site\/das-unternehmen\/\" \/>\n<meta property=\"og:site_name\" content=\"unicomdirect\" \/>\n<meta property=\"article:publisher\" content=\"https:\/\/www.facebook.com\/Unicomdirect\" \/>\n<meta property=\"article:modified_time\" content=\"2015-09-07T16:06:22+00:00\" \/>\n<meta name=\"twitter:card\" content=\"summary_large_image\" \/>\n<meta name=\"twitter:site\" content=\"@unicomdirect\" \/>\n<meta name=\"twitter:label1\" content=\"Gesch\u00e4tzte Lesezeit\" \/>\n\t<meta name=\"twitter:data1\" content=\"1\u00a0Minute\" \/>\n<script type=\"application\/ld+json\" class=\"yoast-schema-graph\">{\"@context\":\"https:\/\/schema.org\",\"@graph\":[{\"@type\":\"WebPage\",\"@id\":\"https:\/\/www.unicomdirect.at\/site\/das-unternehmen\/\",\"url\":\"https:\/\/www.unicomdirect.at\/site\/das-unternehmen\/\",\"name\":\"Das Unternehmen - unicomdirect - Discover New Horizons\",\"isPartOf\":{\"@id\":\"http:\/\/www.unicomdirect.at\/site\/#website\"},\"datePublished\":\"2014-12-17T13:34:16+00:00\",\"dateModified\":\"2015-09-07T16:06:22+00:00\",\"description\":\"Das Unternehmen Unicomdirect mit Sitz in Wien konzentriert sich auf Direkt Marketing, Sales und Promotion, IT Services, Web- und System Entwicklung,\",\"breadcrumb\":{\"@id\":\"https:\/\/www.unicomdirect.at\/site\/das-unternehmen\/#breadcrumb\"},\"inLanguage\":\"de\",\"potentialAction\":[{\"@type\":\"ReadAction\",\"target\":[\"https:\/\/www.unicomdirect.at\/site\/das-unternehmen\/\"]}]},{\"@type\":\"BreadcrumbList\",\"@id\":\"https:\/\/www.unicomdirect.at\/site\/das-unternehmen\/#breadcrumb\",\"itemListElement\":[{\"@type\":\"ListItem\",\"position\":1,\"name\":\"Home\",\"item\":\"http:\/\/www.unicomdirect.at\/site\/\"},{\"@type\":\"ListItem\",\"position\":2,\"name\":\"Das Unternehmen\"}]},{\"@type\":\"WebSite\",\"@id\":\"http:\/\/www.unicomdirect.at\/site\/#website\",\"url\":\"http:\/\/www.unicomdirect.at\/site\/\",\"name\":\"unicomdirect\",\"description\":\"&quot;Discover new horizons&quot;\",\"potentialAction\":[{\"@type\":\"SearchAction\",\"target\":{\"@type\":\"EntryPoint\",\"urlTemplate\":\"http:\/\/www.unicomdirect.at\/site\/?s={search_term_string}\"},\"query-input\":\"required name=search_term_string\"}],\"inLanguage\":\"de\"}]}<\/script>\n<!-- \/ Yoast SEO plugin. -->","yoast_head_json":{"title":"Das Unternehmen - unicomdirect - Discover New Horizons","description":"Das Unternehmen Unicomdirect mit Sitz in Wien konzentriert sich auf Direkt Marketing, Sales und Promotion, IT Services, Web- und System Entwicklung,","robots":{"index":"index","follow":"follow","max-snippet":"max-snippet:-1","max-image-preview":"max-image-preview:large","max-video-preview":"max-video-preview:-1"},"canonical":"https:\/\/www.unicomdirect.at\/site\/das-unternehmen\/","og_locale":"de_DE","og_type":"article","og_title":"Das Unternehmen - unicomdirect - Discover New Horizons","og_description":"Das Unternehmen Unicomdirect mit Sitz in Wien konzentriert sich auf Direkt Marketing, Sales und Promotion, IT Services, Web- und System Entwicklung,","og_url":"https:\/\/www.unicomdirect.at\/site\/das-unternehmen\/","og_site_name":"unicomdirect","article_publisher":"https:\/\/www.facebook.com\/Unicomdirect","article_modified_time":"2015-09-07T16:06:22+00:00","twitter_card":"summary_large_image","twitter_site":"@unicomdirect","twitter_misc":{"Gesch\u00e4tzte Lesezeit":"1\u00a0Minute"},"schema":{"@context":"https:\/\/schema.org","@graph":[{"@type":"WebPage","@id":"https:\/\/www.unicomdirect.at\/site\/das-unternehmen\/","url":"https:\/\/www.unicomdirect.at\/site\/das-unternehmen\/","name":"Das Unternehmen - unicomdirect - Discover New Horizons","isPartOf":{"@id":"http:\/\/www.unicomdirect.at\/site\/#website"},"datePublished":"2014-12-17T13:34:16+00:00","dateModified":"2015-09-07T16:06:22+00:00","description":"Das Unternehmen Unicomdirect mit Sitz in Wien konzentriert sich auf Direkt Marketing, Sales und Promotion, IT Services, Web- und System Entwicklung,","breadcrumb":{"@id":"https:\/\/www.unicomdirect.at\/site\/das-unternehmen\/#breadcrumb"},"inLanguage":"de","potentialAction":[{"@type":"ReadAction","target":["https:\/\/www.unicomdirect.at\/site\/das-unternehmen\/"]}]},{"@type":"BreadcrumbList","@id":"https:\/\/www.unicomdirect.at\/site\/das-unternehmen\/#breadcrumb","itemListElement":[{"@type":"ListItem","position":1,"name":"Home","item":"http:\/\/www.unicomdirect.at\/site\/"},{"@type":"ListItem","position":2,"name":"Das Unternehmen"}]},{"@type":"WebSite","@id":"http:\/\/www.unicomdirect.at\/site\/#website","url":"http:\/\/www.unicomdirect.at\/site\/","name":"unicomdirect","description":"&quot;Discover new horizons&quot;","potentialAction":[{"@type":"SearchAction","target":{"@type":"EntryPoint","urlTemplate":"http:\/\/www.unicomdirect.at\/site\/?s={search_term_string}"},"query-input":"required name=search_term_string"}],"inLanguage":"de"}]}},"_links":{"self":[{"href":"https:\/\/www.unicomdirect.at\/site\/wp-json\/wp\/v2\/pages\/31"}],"collection":[{"href":"https:\/\/www.unicomdirect.at\/site\/wp-json\/wp\/v2\/pages"}],"about":[{"href":"https:\/\/www.unicomdirect.at\/site\/wp-json\/wp\/v2\/types\/page"}],"author":[{"embeddable":true,"href":"https:\/\/www.unicomdirect.at\/site\/wp-json\/wp\/v2\/users\/1"}],"replies":[{"embeddable":true,"href":"https:\/\/www.unicomdirect.at\/site\/wp-json\/wp\/v2\/comments?post=31"}],"version-history":[{"count":1,"href":"https:\/\/www.unicomdirect.at\/site\/wp-json\/wp\/v2\/pages\/31\/revisions"}],"predecessor-version":[{"id":1111,"href":"https:\/\/www.unicomdirect.at\/site\/wp-json\/wp\/v2\/pages\/31\/revisions\/1111"}],"wp:attachment":[{"href":"https:\/\/www.unicomdirect.at\/site\/wp-json\/wp\/v2\/media?parent=31"}],"curies":[{"name":"wp","href":"https:\/\/api.w.org\/{rel}","templated":true}]}}