{"id":116,"date":"2014-12-17T14:05:55","date_gmt":"2014-12-17T14:05:55","guid":{"rendered":"http:\/\/unicom.designadventures.at\/wordpress\/?page_id=116"},"modified":"2015-09-07T18:10:50","modified_gmt":"2015-09-07T16:10:50","slug":"die-agentur","status":"publish","type":"page","link":"https:\/\/www.unicomdirect.at\/site\/agentur-leistungen\/die-agentur\/","title":{"rendered":"Die Agentur"},"content":{"rendered":"<h1 style=\"text-align: justify;\"><span style=\"color: #000080;\">Klassische Leistungen &#8211; unicomdirect &#8211; die Agentur<\/span><\/h1>\n<p style=\"text-align: justify;\">Wir sind seit \u00fcber 23 Jahren auf dem europ\u00e4ischen Markt &#8211; bauen auf\u00a0und entwickeln die Agentur\u00a0ununterbrochen. Die neuen Technologien und Methoden verlangen neue Arbeitsweise, neues Denken und neue Marktzug\u00e4nge &#8211; ein Bereich bleibt immer gleich &#8211; die klassischen Agenturleistungen wie&#8230; &#8222;damals&#8220; am Anfang.<\/p>\n<h1 style=\"text-align: justify;\"><span style=\"color: #000080;\">Call Aktionen<\/span><\/h1>\n<p style=\"text-align: justify;\">Wir f\u00fchren\u00a0Call-Aktionen im B2B Bereich\u00a0durch und bieten\u00a0vom Telefonskript \u00fcber professionelle Kontaktaufnahme und Befragung bis zur umfangreichen Analyse\u00a0das ganze Leistungsspektrum eines fundierten Call-Centers an.\u00a0Die Calls werden nach dem\u00a0APINA-Fragesystem\u00a0durchgef\u00fchrt, weil dieses h\u00f6chste Abschlussquoten zul\u00e4sst und eine gute Informationsbasis f\u00fcr den anschlie\u00dfenden Termin\/Kauf legt.\u00a0Wesentliche Basis einer erfolgreichen Call-Aktion ist eine\u00a0sorgf\u00e4ltige und detaillierte Zielgruppenanalyse\u00a0und\u00a0tiefgehende Produktkenntnisse. Hier k\u00f6nnen wir auf unseren gro\u00dfen\u00a0europaweiten Firmendatenbestand\u00a0einerseits und andererseits auf unsere langj\u00e4hrigen Erfahrungen aus fast allen Produktbereichen zur\u00fcckgreifen.<\/p>\n<h1 style=\"text-align: justify;\"><span style=\"color: #000080;\">Lager und Lagerlogistik\u00a0<\/span><\/h1>\n<p style=\"text-align: justify;\">Unicomdirect unterh\u00e4lt ein eigenes, stetig besetztes Lager am westlichen Stadtrand von Wien.\u00a0Somit k\u00f6nnen die Mitarbeiter oder Stores jederzeit optimal und kosteng\u00fcnstig mit Werbematerial versorgt werden. Die Agentur bietet dazu:<\/p>\n<ul>\n<li style=\"text-align: justify;\">t\u00e4gliche Betreuung und unter st\u00e4ndiger Beobachtung<\/li>\n<li style=\"text-align: justify;\">Video\u00fcberwachung<\/li>\n<li style=\"text-align: justify;\">Betreuung auch au\u00dferhalb der Gesch\u00e4ftszeiten<\/li>\n<li style=\"text-align: justify;\">Beheizte R\u00e4umlichkeiten<\/li>\n<li style=\"text-align: justify;\">regelm\u00e4\u00dfige Bestandsaufnahmen und Inventur<\/li>\n<li style=\"text-align: justify;\">Lagerverwaltungssystem (multi-mandantenf\u00e4hig)<\/li>\n<\/ul>\n<h1 style=\"text-align: justify;\"><span style=\"color: #000080;\">Reporting und Marktanalyse<\/span><\/h1>\n<p style=\"text-align: justify;\">Durch unsere mehr als 23 j\u00e4hrige Erfahrung kennen wir jedes Detail im Vertrieb und k\u00f6nnen\u00a0s\u00e4mtliche Kennzahlen und Verkaufszahlen national &amp; international\u00a0reporten. Wir wissen, welche Daten, in welcher Form und in welchem Ausma\u00df vom Retail zur Verf\u00fcgung gestellt werden.Wir bilden die Schnittstelle vom Retail zum Kunden\u00a0und arbeiten die Daten so auf, dass diese sowohl in das System des Kunden als auch in ein neues, eigenst\u00e4ndiges System eingespielt werden k\u00f6nnen.<\/p>\n<p style=\"text-align: justify;\">Egal welches Vertriebssystem vorhanden ist &#8211; wir k\u00f6nnen jede Datenbasis verarbeiten und in jede Ausbaustufe Ihres Vertriebssystems einsteigen.\u00a0Die Reportings werden grafisch, tabellarisch und in Datenbankform dargestellt oder auch in andere Formate \u00fcberspielt.\u00a0Unser Vertriebssystem ist online &#8211; das hei\u00dft<strong>\u00a0<\/strong>in Echtzeit\u00a0und zu\u00a0100% sicher.<\/p>\n<h1 style=\"text-align: justify;\"><span style=\"color: #000080;\">Database-Marketing<\/span><\/h1>\n<p style=\"text-align: justify;\">Seine Zielgruppe zu kennen und auf dem geeigneten Weg ansprechen zu k\u00f6nnen, geh\u00f6rt zu den wichtigsten Erfolgselementen jeder Werbe- und Marketingaktion. Die Agentur, Unicomdirect, bietet das\u00a0klassische Database-Marketing auf Basis bestehender B2C und B2B Datenbanken\u00a0an und selektiert Ihnen doublettenfrei jegliche Kundendaten mit der h\u00f6chstm\u00f6glichen Pr\u00e4zision.\u00a0Unter\u00a0Internetbase Marketing\u00a0verstehen wir die\u00a0Selektion Ihrer Zielgruppe\u00a0auf Basis internetverf\u00fcgbarer Datenbest\u00e4nde. Das umfasst einerseits bekannte Plattformen wie <a title=\"XING\" href=\"https:\/\/www.xing.com\" target=\"_blank\">XING<\/a>, <a title=\"LinkedIn\" href=\"https:\/\/www-linkedin.com\" target=\"_blank\">LinkedIn<\/a>, <a title=\"Facebook\" href=\"https:\/\/www.facebook.com\" target=\"_blank\">Facebook<\/a>, <a title=\"Google Plus\" href=\"https:\/\/plus.google.com\" target=\"_blank\">Google Plus<\/a>, aber auch spezielle Internetseiten, Blogs und Foren mit eindeutigem Zielgruppenprofil.\u00a0Sie werden sich wundern, mit welchem geringem Budget Sie im Internet Umsatz generieren k\u00f6nnen.<\/p>\n<p style=\"text-align: justify;\">\n","protected":false},"excerpt":{"rendered":"<p>Durch unsere mehr als 22 j\u00e4hrige Erfahrung kennen wir jedes Detail im Vertrieb und k\u00f6nnen s\u00e4mtliche Kennzahlen und Verkaufszahlen national &#038; international reporten.<\/p>\n","protected":false},"author":1,"featured_media":0,"parent":57,"menu_order":0,"comment_status":"open","ping_status":"closed","template":"page-full.php","meta":{"footnotes":""},"yoast_head":"<!-- This site is optimized with the Yoast SEO plugin v22.0 - https:\/\/yoast.com\/wordpress\/plugins\/seo\/ -->\n<title>Die Agentur - unicomdirect - Discover New Horizons<\/title>\n<meta name=\"description\" content=\"Eine klassische Werbe- und Marketing-Agentur. Leistungen wie Call Aktion, Reporting, Marktanalyse oder Lagerhaltung und Logistik geh\u00f6ren zu unserem Alltag.\" \/>\n<meta name=\"robots\" content=\"index, follow, max-snippet:-1, max-image-preview:large, max-video-preview:-1\" \/>\n<link rel=\"canonical\" href=\"https:\/\/www.unicomdirect.at\/site\/agentur-leistungen\/die-agentur\/\" \/>\n<meta property=\"og:locale\" content=\"de_DE\" \/>\n<meta property=\"og:type\" content=\"article\" \/>\n<meta property=\"og:title\" content=\"Die Agentur - unicomdirect - Discover New Horizons\" \/>\n<meta property=\"og:description\" content=\"Eine klassische Werbe- und Marketing-Agentur. Leistungen wie Call Aktion, Reporting, Marktanalyse oder Lagerhaltung und Logistik geh\u00f6ren zu unserem Alltag.\" \/>\n<meta property=\"og:url\" content=\"https:\/\/www.unicomdirect.at\/site\/agentur-leistungen\/die-agentur\/\" \/>\n<meta property=\"og:site_name\" content=\"unicomdirect\" \/>\n<meta property=\"article:publisher\" content=\"https:\/\/www.facebook.com\/Unicomdirect\" \/>\n<meta property=\"article:modified_time\" content=\"2015-09-07T16:10:50+00:00\" \/>\n<meta name=\"twitter:card\" content=\"summary_large_image\" \/>\n<meta name=\"twitter:site\" content=\"@unicomdirect\" \/>\n<meta name=\"twitter:label1\" content=\"Gesch\u00e4tzte Lesezeit\" \/>\n\t<meta name=\"twitter:data1\" content=\"2\u00a0Minuten\" \/>\n<script type=\"application\/ld+json\" class=\"yoast-schema-graph\">{\"@context\":\"https:\/\/schema.org\",\"@graph\":[{\"@type\":\"WebPage\",\"@id\":\"https:\/\/www.unicomdirect.at\/site\/agentur-leistungen\/die-agentur\/\",\"url\":\"https:\/\/www.unicomdirect.at\/site\/agentur-leistungen\/die-agentur\/\",\"name\":\"Die Agentur - unicomdirect - Discover New Horizons\",\"isPartOf\":{\"@id\":\"http:\/\/www.unicomdirect.at\/site\/#website\"},\"datePublished\":\"2014-12-17T14:05:55+00:00\",\"dateModified\":\"2015-09-07T16:10:50+00:00\",\"description\":\"Eine klassische Werbe- und Marketing-Agentur. Leistungen wie Call Aktion, Reporting, Marktanalyse oder Lagerhaltung und Logistik geh\u00f6ren zu unserem Alltag.\",\"breadcrumb\":{\"@id\":\"https:\/\/www.unicomdirect.at\/site\/agentur-leistungen\/die-agentur\/#breadcrumb\"},\"inLanguage\":\"de\",\"potentialAction\":[{\"@type\":\"ReadAction\",\"target\":[\"https:\/\/www.unicomdirect.at\/site\/agentur-leistungen\/die-agentur\/\"]}]},{\"@type\":\"BreadcrumbList\",\"@id\":\"https:\/\/www.unicomdirect.at\/site\/agentur-leistungen\/die-agentur\/#breadcrumb\",\"itemListElement\":[{\"@type\":\"ListItem\",\"position\":1,\"name\":\"Home\",\"item\":\"http:\/\/www.unicomdirect.at\/site\/\"},{\"@type\":\"ListItem\",\"position\":2,\"name\":\"Agentur Leistungen\",\"item\":\"http:\/\/www.unicomdirect.at\/site\/agentur-leistungen\/\"},{\"@type\":\"ListItem\",\"position\":3,\"name\":\"Die Agentur\"}]},{\"@type\":\"WebSite\",\"@id\":\"http:\/\/www.unicomdirect.at\/site\/#website\",\"url\":\"http:\/\/www.unicomdirect.at\/site\/\",\"name\":\"unicomdirect\",\"description\":\"&quot;Discover new horizons&quot;\",\"potentialAction\":[{\"@type\":\"SearchAction\",\"target\":{\"@type\":\"EntryPoint\",\"urlTemplate\":\"http:\/\/www.unicomdirect.at\/site\/?s={search_term_string}\"},\"query-input\":\"required name=search_term_string\"}],\"inLanguage\":\"de\"}]}<\/script>\n<!-- \/ Yoast SEO plugin. -->","yoast_head_json":{"title":"Die Agentur - unicomdirect - Discover New Horizons","description":"Eine klassische Werbe- und Marketing-Agentur. Leistungen wie Call Aktion, Reporting, Marktanalyse oder Lagerhaltung und Logistik geh\u00f6ren zu unserem Alltag.","robots":{"index":"index","follow":"follow","max-snippet":"max-snippet:-1","max-image-preview":"max-image-preview:large","max-video-preview":"max-video-preview:-1"},"canonical":"https:\/\/www.unicomdirect.at\/site\/agentur-leistungen\/die-agentur\/","og_locale":"de_DE","og_type":"article","og_title":"Die Agentur - unicomdirect - Discover New Horizons","og_description":"Eine klassische Werbe- und Marketing-Agentur. Leistungen wie Call Aktion, Reporting, Marktanalyse oder Lagerhaltung und Logistik geh\u00f6ren zu unserem Alltag.","og_url":"https:\/\/www.unicomdirect.at\/site\/agentur-leistungen\/die-agentur\/","og_site_name":"unicomdirect","article_publisher":"https:\/\/www.facebook.com\/Unicomdirect","article_modified_time":"2015-09-07T16:10:50+00:00","twitter_card":"summary_large_image","twitter_site":"@unicomdirect","twitter_misc":{"Gesch\u00e4tzte Lesezeit":"2\u00a0Minuten"},"schema":{"@context":"https:\/\/schema.org","@graph":[{"@type":"WebPage","@id":"https:\/\/www.unicomdirect.at\/site\/agentur-leistungen\/die-agentur\/","url":"https:\/\/www.unicomdirect.at\/site\/agentur-leistungen\/die-agentur\/","name":"Die Agentur - unicomdirect - Discover New Horizons","isPartOf":{"@id":"http:\/\/www.unicomdirect.at\/site\/#website"},"datePublished":"2014-12-17T14:05:55+00:00","dateModified":"2015-09-07T16:10:50+00:00","description":"Eine klassische Werbe- und Marketing-Agentur. Leistungen wie Call Aktion, Reporting, Marktanalyse oder Lagerhaltung und Logistik geh\u00f6ren zu unserem Alltag.","breadcrumb":{"@id":"https:\/\/www.unicomdirect.at\/site\/agentur-leistungen\/die-agentur\/#breadcrumb"},"inLanguage":"de","potentialAction":[{"@type":"ReadAction","target":["https:\/\/www.unicomdirect.at\/site\/agentur-leistungen\/die-agentur\/"]}]},{"@type":"BreadcrumbList","@id":"https:\/\/www.unicomdirect.at\/site\/agentur-leistungen\/die-agentur\/#breadcrumb","itemListElement":[{"@type":"ListItem","position":1,"name":"Home","item":"http:\/\/www.unicomdirect.at\/site\/"},{"@type":"ListItem","position":2,"name":"Agentur Leistungen","item":"http:\/\/www.unicomdirect.at\/site\/agentur-leistungen\/"},{"@type":"ListItem","position":3,"name":"Die Agentur"}]},{"@type":"WebSite","@id":"http:\/\/www.unicomdirect.at\/site\/#website","url":"http:\/\/www.unicomdirect.at\/site\/","name":"unicomdirect","description":"&quot;Discover new horizons&quot;","potentialAction":[{"@type":"SearchAction","target":{"@type":"EntryPoint","urlTemplate":"http:\/\/www.unicomdirect.at\/site\/?s={search_term_string}"},"query-input":"required name=search_term_string"}],"inLanguage":"de"}]}},"_links":{"self":[{"href":"https:\/\/www.unicomdirect.at\/site\/wp-json\/wp\/v2\/pages\/116"}],"collection":[{"href":"https:\/\/www.unicomdirect.at\/site\/wp-json\/wp\/v2\/pages"}],"about":[{"href":"https:\/\/www.unicomdirect.at\/site\/wp-json\/wp\/v2\/types\/page"}],"author":[{"embeddable":true,"href":"https:\/\/www.unicomdirect.at\/site\/wp-json\/wp\/v2\/users\/1"}],"replies":[{"embeddable":true,"href":"https:\/\/www.unicomdirect.at\/site\/wp-json\/wp\/v2\/comments?post=116"}],"version-history":[{"count":1,"href":"https:\/\/www.unicomdirect.at\/site\/wp-json\/wp\/v2\/pages\/116\/revisions"}],"predecessor-version":[{"id":1116,"href":"https:\/\/www.unicomdirect.at\/site\/wp-json\/wp\/v2\/pages\/116\/revisions\/1116"}],"up":[{"embeddable":true,"href":"https:\/\/www.unicomdirect.at\/site\/wp-json\/wp\/v2\/pages\/57"}],"wp:attachment":[{"href":"https:\/\/www.unicomdirect.at\/site\/wp-json\/wp\/v2\/media?parent=116"}],"curies":[{"name":"wp","href":"https:\/\/api.w.org\/{rel}","templated":true}]}}